{"id":7351,"date":"2024-07-17T07:37:38","date_gmt":"2024-07-17T07:37:38","guid":{"rendered":"https:\/\/salutenergie.ro\/?post_type=product&#038;p=7351"},"modified":"2024-07-17T07:37:38","modified_gmt":"2024-07-17T07:37:38","slug":"invertor-invt-imars-3kw-monofazat-ongrid-mg3ktl-prosumator","status":"publish","type":"product","link":"https:\/\/salutenergie.ro\/index.php\/product\/invertor-invt-imars-3kw-monofazat-ongrid-mg3ktl-prosumator\/","title":{"rendered":"Invertor INVT iMARS 3KW Monofazat ONGRID MG3KTL Prosumator"},"content":{"rendered":"<p>Eficient \u25aa Tehnologia de baz\u0103 este dezvoltata in Germania. \u25aa Gam\u0103 de tensiune mai larg\u0103, tensiune de pornire mai mic\u0103 \u0219i eficien\u021b\u0103 de conversie mai mare . \u25aa Dou\u0103 MPPT, se adapteaz\u0103 la mediul complex al acoperi\u0219ului, \u00eembun\u0103t\u0103\u021besc generarea de energie. De \u00eencredere \u25aa Carcasa din aluminiu, racire naturala, grad de protectie IP65. \u25aa Adopta componente de marc\u0103 renumit\u0103 la nivel interna\u021bional pentru a asigura func\u021bionarea stabil\u0103 a invertorului. Inteligent \u25aa Re\u021bea inteligent\u0103 adaptabil\u0103 \u25aa Varietate de moduri de monitorizare: APP (\u00eenregistrare cu un singur buton), centru de monitorizare a datelor pe ecran mare, platform\u0103 de monitorizare \u00een cloud. \u25aa Suport RS485, GPRS, WIFI, Ethernet. Simplu \u25aa Design modern, u\u0219or de utilizat. \u25aa Dimensiuni mici, greutate redus\u0103, u\u0219or de instalat de c\u0103tre o singur\u0103 persoan\u0103. Descarc\u0103 fis\u0103 tehnic\u0103<\/p>\n","protected":false},"excerpt":{"rendered":"<p>Eficient \u25aa Tehnologia de baz\u0103 este dezvoltata in Germania. \u25aa Gam\u0103 de tensiune mai larg\u0103, tensiune de pornire mai mic\u0103 \u0219i eficien\u021b\u0103 de conversie mai&#8230;<\/p>\n","protected":false},"featured_media":19918,"comment_status":"open","ping_status":"closed","template":"","meta":{"om_disable_all_campaigns":false},"etheme_brands":[],"product_cat":[40,70,42],"product_tag":[],"class_list":{"0":"post-7351","1":"product","2":"type-product","3":"status-publish","4":"has-post-thumbnail","6":"product_cat-invertoare","7":"product_cat-invertoare-invt","8":"product_cat-on-grid","10":"first","11":"instock","12":"shipping-taxable","13":"purchasable","14":"product-type-simple"},"yoast_head":"<!-- This site is optimized with the Yoast SEO plugin v26.4 - https:\/\/yoast.com\/wordpress\/plugins\/seo\/ -->\n<title>Invertor INVT iMARS 3KW Monofazat ONGRID MG3KTL Prosumator - Salut Energie<\/title>\n<meta name=\"robots\" content=\"index, follow, max-snippet:-1, max-image-preview:large, max-video-preview:-1\" \/>\n<link rel=\"canonical\" href=\"https:\/\/salutenergie.ro\/index.php\/product\/invertor-invt-imars-3kw-monofazat-ongrid-mg3ktl-prosumator\/\" \/>\n<meta property=\"og:locale\" content=\"ro_RO\" \/>\n<meta property=\"og:type\" content=\"article\" \/>\n<meta property=\"og:title\" content=\"Invertor INVT iMARS 3KW Monofazat ONGRID MG3KTL Prosumator - Salut Energie\" \/>\n<meta property=\"og:description\" content=\"Eficient \u25aa Tehnologia de baz\u0103 este dezvoltata in Germania. \u25aa Gam\u0103 de tensiune mai larg\u0103, tensiune de pornire mai mic\u0103 \u0219i eficien\u021b\u0103 de conversie mai...\" \/>\n<meta property=\"og:url\" content=\"https:\/\/salutenergie.ro\/index.php\/product\/invertor-invt-imars-3kw-monofazat-ongrid-mg3ktl-prosumator\/\" \/>\n<meta property=\"og:site_name\" content=\"Salut Energie\" \/>\n<meta property=\"og:image\" content=\"https:\/\/salutenergie.ro\/wp-content\/uploads\/2024\/07\/INVT-iMARS-MG3KTL-1.jpg\" \/>\n\t<meta property=\"og:image:width\" content=\"1024\" \/>\n\t<meta property=\"og:image:height\" content=\"768\" \/>\n\t<meta property=\"og:image:type\" content=\"image\/jpeg\" \/>\n<meta name=\"twitter:card\" content=\"summary_large_image\" \/>\n<meta name=\"twitter:label1\" content=\"Timp estimat pentru citire\" \/>\n\t<meta name=\"twitter:data1\" content=\"1 minut\" \/>\n<script type=\"application\/ld+json\" class=\"yoast-schema-graph\">{\"@context\":\"https:\/\/schema.org\",\"@graph\":[{\"@type\":\"WebPage\",\"@id\":\"https:\/\/salutenergie.ro\/index.php\/product\/invertor-invt-imars-3kw-monofazat-ongrid-mg3ktl-prosumator\/\",\"url\":\"https:\/\/salutenergie.ro\/index.php\/product\/invertor-invt-imars-3kw-monofazat-ongrid-mg3ktl-prosumator\/\",\"name\":\"Invertor INVT iMARS 3KW Monofazat ONGRID MG3KTL Prosumator - Salut Energie\",\"isPartOf\":{\"@id\":\"https:\/\/salutenergie.ro\/#website\"},\"primaryImageOfPage\":{\"@id\":\"https:\/\/salutenergie.ro\/index.php\/product\/invertor-invt-imars-3kw-monofazat-ongrid-mg3ktl-prosumator\/#primaryimage\"},\"image\":{\"@id\":\"https:\/\/salutenergie.ro\/index.php\/product\/invertor-invt-imars-3kw-monofazat-ongrid-mg3ktl-prosumator\/#primaryimage\"},\"thumbnailUrl\":\"https:\/\/salutenergie.ro\/wp-content\/uploads\/2024\/07\/INVT-iMARS-MG3KTL-1.jpg\",\"datePublished\":\"2024-07-17T07:37:38+00:00\",\"breadcrumb\":{\"@id\":\"https:\/\/salutenergie.ro\/index.php\/product\/invertor-invt-imars-3kw-monofazat-ongrid-mg3ktl-prosumator\/#breadcrumb\"},\"inLanguage\":\"ro-RO\",\"potentialAction\":[{\"@type\":\"ReadAction\",\"target\":[\"https:\/\/salutenergie.ro\/index.php\/product\/invertor-invt-imars-3kw-monofazat-ongrid-mg3ktl-prosumator\/\"]}]},{\"@type\":\"ImageObject\",\"inLanguage\":\"ro-RO\",\"@id\":\"https:\/\/salutenergie.ro\/index.php\/product\/invertor-invt-imars-3kw-monofazat-ongrid-mg3ktl-prosumator\/#primaryimage\",\"url\":\"https:\/\/salutenergie.ro\/wp-content\/uploads\/2024\/07\/INVT-iMARS-MG3KTL-1.jpg\",\"contentUrl\":\"https:\/\/salutenergie.ro\/wp-content\/uploads\/2024\/07\/INVT-iMARS-MG3KTL-1.jpg\",\"width\":1024,\"height\":768},{\"@type\":\"BreadcrumbList\",\"@id\":\"https:\/\/salutenergie.ro\/index.php\/product\/invertor-invt-imars-3kw-monofazat-ongrid-mg3ktl-prosumator\/#breadcrumb\",\"itemListElement\":[{\"@type\":\"ListItem\",\"position\":1,\"name\":\"Home\",\"item\":\"https:\/\/salutenergie.ro\/\"},{\"@type\":\"ListItem\",\"position\":2,\"name\":\"Shop\",\"item\":\"https:\/\/salutenergie.ro\/index.php\/shop\/\"},{\"@type\":\"ListItem\",\"position\":3,\"name\":\"Invertor INVT iMARS 3KW Monofazat ONGRID MG3KTL Prosumator\"}]},{\"@type\":\"WebSite\",\"@id\":\"https:\/\/salutenergie.ro\/#website\",\"url\":\"https:\/\/salutenergie.ro\/\",\"name\":\"Salut Energie\",\"description\":\"\",\"publisher\":{\"@id\":\"https:\/\/salutenergie.ro\/#organization\"},\"potentialAction\":[{\"@type\":\"SearchAction\",\"target\":{\"@type\":\"EntryPoint\",\"urlTemplate\":\"https:\/\/salutenergie.ro\/?s={search_term_string}\"},\"query-input\":{\"@type\":\"PropertyValueSpecification\",\"valueRequired\":true,\"valueName\":\"search_term_string\"}}],\"inLanguage\":\"ro-RO\"},{\"@type\":\"Organization\",\"@id\":\"https:\/\/salutenergie.ro\/#organization\",\"name\":\"Salut Energie\",\"url\":\"https:\/\/salutenergie.ro\/\",\"logo\":{\"@type\":\"ImageObject\",\"inLanguage\":\"ro-RO\",\"@id\":\"https:\/\/salutenergie.ro\/#\/schema\/logo\/image\/\",\"url\":\"https:\/\/salutenergie.ro\/wp-content\/uploads\/2024\/06\/logo.png\",\"contentUrl\":\"https:\/\/salutenergie.ro\/wp-content\/uploads\/2024\/06\/logo.png\",\"width\":773,\"height\":233,\"caption\":\"Salut Energie\"},\"image\":{\"@id\":\"https:\/\/salutenergie.ro\/#\/schema\/logo\/image\/\"}}]}<\/script>\n<!-- \/ Yoast SEO plugin. -->","yoast_head_json":{"title":"Invertor INVT iMARS 3KW Monofazat ONGRID MG3KTL Prosumator - Salut Energie","robots":{"index":"index","follow":"follow","max-snippet":"max-snippet:-1","max-image-preview":"max-image-preview:large","max-video-preview":"max-video-preview:-1"},"canonical":"https:\/\/salutenergie.ro\/index.php\/product\/invertor-invt-imars-3kw-monofazat-ongrid-mg3ktl-prosumator\/","og_locale":"ro_RO","og_type":"article","og_title":"Invertor INVT iMARS 3KW Monofazat ONGRID MG3KTL Prosumator - Salut Energie","og_description":"Eficient \u25aa Tehnologia de baz\u0103 este dezvoltata in Germania. \u25aa Gam\u0103 de tensiune mai larg\u0103, tensiune de pornire mai mic\u0103 \u0219i eficien\u021b\u0103 de conversie mai...","og_url":"https:\/\/salutenergie.ro\/index.php\/product\/invertor-invt-imars-3kw-monofazat-ongrid-mg3ktl-prosumator\/","og_site_name":"Salut Energie","og_image":[{"width":1024,"height":768,"url":"https:\/\/salutenergie.ro\/wp-content\/uploads\/2024\/07\/INVT-iMARS-MG3KTL-1.jpg","type":"image\/jpeg"}],"twitter_card":"summary_large_image","twitter_misc":{"Timp estimat pentru citire":"1 minut"},"schema":{"@context":"https:\/\/schema.org","@graph":[{"@type":"WebPage","@id":"https:\/\/salutenergie.ro\/index.php\/product\/invertor-invt-imars-3kw-monofazat-ongrid-mg3ktl-prosumator\/","url":"https:\/\/salutenergie.ro\/index.php\/product\/invertor-invt-imars-3kw-monofazat-ongrid-mg3ktl-prosumator\/","name":"Invertor INVT iMARS 3KW Monofazat ONGRID MG3KTL Prosumator - Salut Energie","isPartOf":{"@id":"https:\/\/salutenergie.ro\/#website"},"primaryImageOfPage":{"@id":"https:\/\/salutenergie.ro\/index.php\/product\/invertor-invt-imars-3kw-monofazat-ongrid-mg3ktl-prosumator\/#primaryimage"},"image":{"@id":"https:\/\/salutenergie.ro\/index.php\/product\/invertor-invt-imars-3kw-monofazat-ongrid-mg3ktl-prosumator\/#primaryimage"},"thumbnailUrl":"https:\/\/salutenergie.ro\/wp-content\/uploads\/2024\/07\/INVT-iMARS-MG3KTL-1.jpg","datePublished":"2024-07-17T07:37:38+00:00","breadcrumb":{"@id":"https:\/\/salutenergie.ro\/index.php\/product\/invertor-invt-imars-3kw-monofazat-ongrid-mg3ktl-prosumator\/#breadcrumb"},"inLanguage":"ro-RO","potentialAction":[{"@type":"ReadAction","target":["https:\/\/salutenergie.ro\/index.php\/product\/invertor-invt-imars-3kw-monofazat-ongrid-mg3ktl-prosumator\/"]}]},{"@type":"ImageObject","inLanguage":"ro-RO","@id":"https:\/\/salutenergie.ro\/index.php\/product\/invertor-invt-imars-3kw-monofazat-ongrid-mg3ktl-prosumator\/#primaryimage","url":"https:\/\/salutenergie.ro\/wp-content\/uploads\/2024\/07\/INVT-iMARS-MG3KTL-1.jpg","contentUrl":"https:\/\/salutenergie.ro\/wp-content\/uploads\/2024\/07\/INVT-iMARS-MG3KTL-1.jpg","width":1024,"height":768},{"@type":"BreadcrumbList","@id":"https:\/\/salutenergie.ro\/index.php\/product\/invertor-invt-imars-3kw-monofazat-ongrid-mg3ktl-prosumator\/#breadcrumb","itemListElement":[{"@type":"ListItem","position":1,"name":"Home","item":"https:\/\/salutenergie.ro\/"},{"@type":"ListItem","position":2,"name":"Shop","item":"https:\/\/salutenergie.ro\/index.php\/shop\/"},{"@type":"ListItem","position":3,"name":"Invertor INVT iMARS 3KW Monofazat ONGRID MG3KTL Prosumator"}]},{"@type":"WebSite","@id":"https:\/\/salutenergie.ro\/#website","url":"https:\/\/salutenergie.ro\/","name":"Salut Energie","description":"","publisher":{"@id":"https:\/\/salutenergie.ro\/#organization"},"potentialAction":[{"@type":"SearchAction","target":{"@type":"EntryPoint","urlTemplate":"https:\/\/salutenergie.ro\/?s={search_term_string}"},"query-input":{"@type":"PropertyValueSpecification","valueRequired":true,"valueName":"search_term_string"}}],"inLanguage":"ro-RO"},{"@type":"Organization","@id":"https:\/\/salutenergie.ro\/#organization","name":"Salut Energie","url":"https:\/\/salutenergie.ro\/","logo":{"@type":"ImageObject","inLanguage":"ro-RO","@id":"https:\/\/salutenergie.ro\/#\/schema\/logo\/image\/","url":"https:\/\/salutenergie.ro\/wp-content\/uploads\/2024\/06\/logo.png","contentUrl":"https:\/\/salutenergie.ro\/wp-content\/uploads\/2024\/06\/logo.png","width":773,"height":233,"caption":"Salut Energie"},"image":{"@id":"https:\/\/salutenergie.ro\/#\/schema\/logo\/image\/"}}]}},"_links":{"self":[{"href":"https:\/\/salutenergie.ro\/index.php\/wp-json\/wp\/v2\/product\/7351","targetHints":{"allow":["GET"]}}],"collection":[{"href":"https:\/\/salutenergie.ro\/index.php\/wp-json\/wp\/v2\/product"}],"about":[{"href":"https:\/\/salutenergie.ro\/index.php\/wp-json\/wp\/v2\/types\/product"}],"replies":[{"embeddable":true,"href":"https:\/\/salutenergie.ro\/index.php\/wp-json\/wp\/v2\/comments?post=7351"}],"version-history":[{"count":1,"href":"https:\/\/salutenergie.ro\/index.php\/wp-json\/wp\/v2\/product\/7351\/revisions"}],"predecessor-version":[{"id":19919,"href":"https:\/\/salutenergie.ro\/index.php\/wp-json\/wp\/v2\/product\/7351\/revisions\/19919"}],"wp:featuredmedia":[{"embeddable":true,"href":"https:\/\/salutenergie.ro\/index.php\/wp-json\/wp\/v2\/media\/19918"}],"wp:attachment":[{"href":"https:\/\/salutenergie.ro\/index.php\/wp-json\/wp\/v2\/media?parent=7351"}],"wp:term":[{"taxonomy":"brand","embeddable":true,"href":"https:\/\/salutenergie.ro\/index.php\/wp-json\/wp\/v2\/etheme_brands?post=7351"},{"taxonomy":"product_cat","embeddable":true,"href":"https:\/\/salutenergie.ro\/index.php\/wp-json\/wp\/v2\/product_cat?post=7351"},{"taxonomy":"product_tag","embeddable":true,"href":"https:\/\/salutenergie.ro\/index.php\/wp-json\/wp\/v2\/product_tag?post=7351"}],"curies":[{"name":"wp","href":"https:\/\/api.w.org\/{rel}","templated":true}]}}